be 6/39 - g/39. Is (3/3)/(q/5466) prime?
True
Let j = -2449 + 3838. Suppose -2*w + q - 213 = -j, 3*q + 1180 = 2*w. Is w a prime number?
True
Let q(v) = 10747*v**2 - 53*v - 5. Is q(5) prime?
False
Is (22514167/(-1443))/((1*2)/(-6)) a prime number?
True
Let q = -1071971 - -1728132. Is q composite?
True
Suppose -47 - 77 = 4*s. Let k = s - -33. Suppose 113 = 3*a + k*r, -2*a - 2*a + 145 = -3*r. Is a composite?
False
Let m = 57685 - -1007530. Is m prime?
False
Let l(v) be the second derivative of 4*v**3/3 - v**2/2 + 7*v. Let a be l(0). Let q(c) = 2643*c**2 + c + 1. Is q(a) composite?
True
Let l be 96/36*20763/(-12). Suppose 0 = 4*d + 7680 + 44. Let q = d - l. Is q a prime number?
True
Let u = -25 - -29. Suppose 19247 = u*k - 0*a - 5*a, 5*a + 14434 = 3*k. Is k a composite number?
False
Let h(s) = 241*s**3 + 9*s**2 - 10*s - 1. Is h(8) a prime number?
True
Let a = 613583 + 82286. Is a a composite number?
True
Let i = 1254242 + -810613. Is i composite?
False
Let z = -903293 - -1400038. Is z a prime number?
False
Suppose -3*n = -5*w + 588985, -3*w + 14*n - 11*n + 353391 = 0. Is w composite?
False
Let z = -27 - -32. Suppose 4*s = z*s - 278. Let j = s - 79. Is j a composite number?
False
Suppose 8 = -4*b - 2*j, 0 = -b + 3*b + 5*j + 4. Let r be -2 - b - 2*(-6)/4. Suppose -4*s + 135 = 4*w - 441, -r*s - 5*w = -430. Is s a prime number?
False
Let p(k) = 5965*k**3 + 20*k**2 - 45*k + 7. Is p(4) a composite number?
True
Let a(p) = p**3 - 23*p**2 - p - 35. Let m = -57 + 56. Let x be m/(238/48 + -5). Is a(x) a prime number?
False
Suppose 8*b - 46887 = 37569. Suppose n - 5*n + 5*d + 20 = 0, 5*n + 4*d = -16. Suppose -3*g + b = 5*c - 238, n = 4*c - g - 8636. Is c a composite number?
True
Suppose -59*b - 67090 = -3*j - 55*b, -4*b - 44724 = -2*j. Suppose 4*g - 58805 = 5*n, 4*n - 21699 = -3*g + j. Is g a composite number?
True
Suppose 4*h + 2*p = 1271392, 104 = -3*p + 116. Is h prime?
False
Let k(h) = h**3 - 21*h**2 - 2*h + 46. Let i be k(21). Suppose 4*a = -i*y + 812, 2*a - 389 = -4*y + 17. Is a composite?
True
Suppose 26*y - 25*y - 3*h = 395461, 0 = -h + 7. Is y a composite number?
True
Let g be (-6723402)/30 - 6/10. Is g/(-176) + (-3)/8 composite?
True
Let n be 362/2 + -6 + 7 + -6. Is 11/n - 1082970/(-96) a prime number?
False
Let a = 139243 - 73830. Is a composite?
False
Suppose 20 = -k - 2*n + n, -n + 106 = -5*k. Let c(p) = -p**3 - 20*p**2 + 20*p - 17. Let f be c(k). Suppose -6*b = -f*b - 2246. Is b prime?
True
Let n(g) = -407*g**3 + 35*g**2 + 37*g + 83. Is n(-10) a prime number?
False
Let w = 735841 + 496450. Is w prime?
True
Let i = 1893209 - 983766. Is i a composite number?
True
Let k be 200/34 + 6/51. Suppose -4*v + 7*v + 5*j = 738, -2*j - k = 0. Is v composite?
False
Is 16054794/49 + (18/(-21) - -1)*1 composite?
True
Let l(a) = -a + 17. Let n be l(5). Suppose 0 = n*k - 2*k + 22960. Let v = k - -4245. Is v a prime number?
True
Suppose 47 - 17 = 5*a. Let c(v) = 270*v + 31. Let f(m) = -539*m - 64. Let k(s) = a*f(s) + 13*c(s). Is k(5) a prime number?
True
Let f(c) = -8671*c**3 - c**2 - 3*c + 4. Is f(-3) a prime number?
True
Let a(u) = -u**3 + 208*u**2 + 52*u + 1005. Is a(68) a prime number?
True
Let b = 2580321 - 147970. Is b a prime number?
True
Suppose 178806 = 2*f - 82*c + 78*c, 0 = -5*f + 3*c + 447029. Is f a prime number?
False
Let h be (-12 + -24)/6 - -1*11. Suppose 0 = -5*o + 8*o + c - 10108, 4*o - 13509 = h*c. Is o prime?
True
Let h(g) = -2*g**2 - 24*g + 1. Let x be h(-12). Let w be (-3)/(-12) + x/(-4). Is ((-388)/8 + w)*-2 a composite number?
False
Let w(n) = -14*n + 159. Let t be w(12). Is (167/2)/(t/(-522)) a prime number?
False
Let l = 4042 - 4190. Suppose 32 = -5*r + 2. Is ((-3)/6*l)/((-4)/r) prime?
False
Let q(s) = -3397*s + 326. Is q(-21) composite?
False
Let b(c) = -459*c - 1862. Is b(-67) a prime number?
False
Suppose g + 41*b - 61578 = 36*b, 2*g - b - 123123 = 0. Is g prime?
False
Let z = 5969 + -5886. Is z composite?
False
Let o(p) = 68*p**3 - p**2 + 3*p + 3. Let a be o(3). Let d be 12/(-26)*39/(-9). Suppose -a = -x - d*x. Is x a composite number?
False
Suppose -3*f + 5*w = 2*f - 2195, w - 1301 = -3*f. Let t(n) = -531*n - 4 - 9*n - f*n. Is t(-1) a prime number?
True
Suppose 21*q + 14*q - 49*q = -4551442. Is q a prime number?
False
Suppose -24*v + 4325007 + 1207929 = 0. Is v prime?
True
Suppose -249131 = -i - g, 2*i = 5*i - 4*g - 747365. Is i composite?
False
Let x(j) = 13*j**2 - 2*j - 5. Let o be 8/16*(1 - -1) - -13. Let l = -16 + o. Is x(l) prime?
False
Let k = 13 + -13. Suppose -4*j + j = k. Is 191 - j - 6/(-2) a composite number?
True
Let h(z) = -z**2 + 4*z + 10. Let p be h(11). Let l = p + 21. Let y = 63 - l. Is y a composite number?
False
Suppose -261*g + 3644469 = -252*g. Is g a composite number?
False
Let b(p) = -p**3 + 9*p**2 + p + 5. Let g be b(9). Suppose 10*w = g*w - 1952. Suppose 118 - w = -2*o. Is o composite?
True
Let w = 24 - 23. Is ((1 + -2)*w)/((-4)/25028) a composite number?
False
Suppose 4*f - 54162 = 5*c, -2*f - 3*c - 6868 + 33960 = 0. Is f a prime number?
False
Let y(v) = -v**3 - 17*v**2 + 18*v + 19. Let k be y(-18). Let f = k + -19. Is f - (4 - 129) - -4 a composite number?
True
Suppose 41*b - 38*b - 6186 = 0. Let c = 4251 + b. Is c prime?
False
Let w(d) = 2321*d**3 - 2*d + 3 - 2326*d**3 + 7*d**2 + 0*d**2. Is w(-13) a prime number?
True
Let j = 121 + -127. Is (4/j)/((-25)/((-25164825)/(-14))) a composite number?
False
Is 72/252 - 425924/(-28)*3 a composite number?
True
Let b(y) = 9012*y**2 + 56*y + 367. Is b(-6) a composite number?
True
Suppose -5*w = c + 3*c - 105, -95 = -5*c + w. Suppose -2*v + 2*i = -0*i + 8, 5*v - c = -5*i. Suppose v = 7*u - 2*u - 105. Is u prime?
False
Let b = -257 - -587. Suppose 0*z - 364 = 2*z - 3*c, -4*z - 750 = 5*c. Let j = b + z. Is j a composite number?
True
Suppose 9*z + 2*d = 8*z + 6, -16 = -4*z - 4*d. Suppose -z*n + 488 = 4*o, 3*n = -3*o + 599 + 148. Is n prime?
False
Let q(i) = 25*i**2 - 12*i + 568. Is q(101) composite?
True
Let x(j) = j + 4. Let r be x(8). Suppose -26 = -2*k + 2*w, -k + 2*k = -4*w - r. Is k/16 - 1874/(-4) prime?
False
Let n be 4*(-3)/(-4) - (-58)/2. Is (n/(-64))/((-2)/580) a prime number?
False
Let u(a) = 856994*a**2 + 117*a - 114. Is u(1) prime?
False
Suppose 4*w - 260*y = -263*y + 38099, 0 = w - 2*y - 9533. Is w a composite number?
True
Let k = -71 - -128. Let b = k + 807. Suppose 0 = -2*o + 5*s + b, -5*o = -o - 3*s - 1742. Is o composite?
True
Suppose 0 = -604*w + 627*w - 77202145. Is w a prime number?
False
Suppose 0 = -3*x - 45 + 69. Is 13638/x + (-105)/(-84) composite?
True
Let n be 2/(-1) + (-7 + 7)/4. Is (2 + -3)/(n/22226) a composite number?
False
Is -5 + 1 + ((-686762362)/22)/(-17) a prime number?
True
Let j(o) = o**2 + 19*o - 7. Let g be j(-15). Let m be ((-11)/(-11) - g/(-3))*-3. Let v = m + 198. Is v a composite number?
True
Suppose 12*p = 9*p - 6. Is 3298 + ((-2)/(-18))/(p/(-18)) composite?
False
Is (10671/6)/((-55)/(-2530)) prime?
False
Let h(c) = 477*c**2 - 2*c + 182173. Is h(0) a prime number?
False
Let s = 45695 + -28221. Is s a prime number?
False
Suppose 13*p - 18*p = 975. Let n be p/(-60) + (-2)/8. Is 969 - ((-2)/(-2) - n) a prime number?
True
Suppose -78*c - 230712 = -102*c. Is c prime?
True
Let u(j) = -21718*j - 5151. Is u(-4) a prime number?
False
Suppose -8*r = -3*r - 15. Let o(b) = 12*b**3 + 2*b**2 + 3*b. Let c be o(r). Let q = c + 466. Is q a composite number?
True
Let k = -211 - -284. Suppose 366 = b - k. Is b a prime number?
True
Suppose 6*n - 11*n + n = 0. Suppose n = -2*v + 5 + 7. Is (-3)/(-2)*6484/v a composite number?
False
Let b be (4 - -1) + (1147 - 13). Suppose -3*j + 4*s - 3*s + 3467 = 0, -j + b = 3*s. Is j prime?
False
Suppose -20*u + 3*m = -23*u + 2934, 3*u = -m + 2926. Is u prime?
False
Let f(i) = i**3 - 3*i**2 - 12*i + 24. Let l be f(12). Let z = l + -485. Is z a prime number?
True
Let q(h) = h**3 + 5*h**2 - h - 5. Let b be q(-5). Suppose -3*m = 2*n - 11129, -2*m + 11128 = 2*n - b*m. Is n a prime number?
True
Let m be (15/(-35))/(1/(-7)). Let j be (-13)/(-39) + 8/m. Suppose -8353 = -2*i - j*i - 4*r, 2*i - 2*r - 3352 = 0. Is i composite?
True
Suppose -z + 56291 = 2*u + 6827, 3*u - z - 74201 = 0. Is u prime?
True
Let s(y) = -4*y + 40. Let z be s(-15). Suppose 106*f - z*f = 72684. Suppose j = 7*j - f. Is j a prime number?
False
Let 